-66
In base 10, what is -3 - -1634?
1631
In base 4, what is -11 + 202213?
202202
In base 13, what is -4 - 2807?
-280b
In base 16, what is -4 + 1d?
19
In base 5, what is -20 + -14?
-34
In base 12, what is -31 - -30?
-1
In base 10, what is -100 + -4?
-104
In base 4, what is -1321 - -3?
-1312
In base 7, what is 0 - 232?
-232
In base 11, what is 109 + -4?
105
In base 3, what is 202 + 102?
1011
In base 2, what is -1 - -100101110110?
100101110101
In base 9, what is 5 - 6503?
-6487
In base 7, what is -61 + -6?
-100
In base 11, what is -23045 + -5?
-2304a
In base 6, what is 303 + -1?
302
In base 12, what is 2 - -18?
1a
In base 13, what is 4 - -601?
605
In base 7, what is -11 - -2320?
2306
In base 16, what is 11 + 10c?
11d
In base 14, what is -6 + 66?
60
In base 9, what is 5 - -8?
14
In base 6, what is -10133 - -5?
-10124
In base 12, what is 37 - -63?
9a
In base 10, what is 14784 - -5?
14789
In base 6, what is 4 - -245?
253
In base 10, what is -1 - -4?
3
In base 4, what is 1 - 3333?
-3332
In base 16, what is -39 - 5?
-3e
In base 14, what is -1cb + 4?
-1c7
In base 9, what is -1 - -301?
300
In base 14, what is -4 + 104?
100
In base 12, what is -43b4 - 1?
-43b5
In base 4, what is 13 + 232300?
232313
In base 14, what is -ad + 3?
-aa
In base 10, what is 83 + 7?
90
In base 9, what is -5 - -76?
71
In base 7, what is 21 + 500?
521
In base 8, what is 6 - -15?
23
In base 12, what is 1 + 2966?
2967
In base 16, what is 3 - b6?
-b3
In base 13, what is -46 + -3?
-49
In base 11, what is 6 + -180?
-175
In base 8, what is 4 - 53?
-47
In base 16, what is d + -1f?
-12
In base 12, what is 2 + -3a8?
-3a6
In base 3, what is -20110 - 20?
-20200
In base 4, what is -3 - -300?
231
In base 9, what is -118 - -14?
-104
In base 6, what is -10 + 123?
113
In base 15, what is -100 - -2?
-ed
In base 9, what is -15 - -14?
-1
In base 5, what is 2043 + 0?
2043
In base 14, what is -46 + -2?
-48
In base 15, what is 1 + 1131?
1132
In base 11, what is -1 - -92?
91
In base 9, what is -5 - 18?
-24
In base 5, what is -43303 + -1?
-43304
In base 11, what is -238 - 4?
-241
In base 3, what is 10200111 + 2?
10200120
In base 3, what is 11020 - -12001?
100021
In base 7, what is 151 - 2?
146
In base 13, what is -386 - 18?
-3a1
In base 16, what is -3 - 54?
-57
In base 7, what is -14 - 330?
-344
In base 3, what is 1 + 21012?
21020
In base 4, what is 10322 - 22?
10300
In base 7, what is -112 + -65?
-210
In base 4, what is -130 + 213?
23
In base 8, what is -7 - 137?
-146
In base 10, what is 3 - -18?
21
In base 12, what is -111 + -1?
-112
In base 7, what is -1264 + -4?
-1301
In base 8, what is 33 - 310?
-255
In base 8, what is 125 + -13?
112
In base 16, what is 2 + -722?
-720
In base 14, what is 7 + 2b?
34
In base 11, what is 197 + -1?
196
In base 11, what is -707 + -40?
-747
In base 16, what is 1 + 1b9?
1ba
In base 13, what is -1a0 - 47?
-217
In base 11, what is -14171 - 5?
-14176
In base 4, what is -1212 + -20?
-1232
In base 8, what is 20 - 60?
-40
In base 10, what is -1552 + -4?
-1556
In base 13, what is -1487 - 5?
-148c
In base 7, what is 5 - 502?
-464
In base 6, what is 4350 + 3?
4353
In base 16, what is -2 - 10?
-12
In base 14, what is 3 + 97?
9a
In base 14, what is 5 - -4d?
54
In base 16, what is 23d + 3?
240
In base 7, what is -344 - 53?
-430
In base 8, what is 4 - -7?
13
In base 16, what is -e - -e?
0
In base 2, what is 11 + 11111?
100010
In base 10, what is 193 - -4?
197
In base 15, what is -3 - 42e?
-432
In base 3, what is 202 - -201?
1110
In base 2, what is 100 + 1001101010?
1001101110
In base 4, what is -11230122 + -2?
-11230130
In base 13, what is 15 + 63?
78
In base 11, what is -521 - -2?
-51a
In base 13, what is 5 + -138?
-133
In base 5, what is -1 - -1?
0
In base 7, what is 3064 + -4?
3060
In base 14, what is 0 + -523?
-523
In base 11, what is 87 + -2?
85
In base 6, what is 2 + 315?
321
In base 3, what is 21 + 102001?
102022
In base 2, what is -111000001011 + -1?
-111000001100
In base 2, what is 111110 + -110?
111000
In base 5, what is -3 + 1132?
1124
In base 11, what is 3 + -16aa?
-16a7
In base 3, what is -21 + -11211?
-12002
In base 13, what is 15 + 4?
19
In base 3, what is 10 + -1211000?
-1210220
In base 12, what is 1b6 - 4?
1b2
In base 15, what is -11 + -164?
-175
In base 2, what is 110000001 + 101?
110000110
In base 9, what is 37 - 5?
32
In base 16, what is -4 - -31c?
318
In base 4, what is -10110 + -20?
-10130
In base 3, what is -21 + -220202?
-221000
In base 4, what is 0 - 11?
-11
In base 6, what is -4 + -400?
-404
In base 11, what is 76 - -1?
77
In base 14, what is -60d - 7?
-616
In base 7, what is -6046 + 3?
-6043
In base 11, what is 70 - 105?
-45
In base 2, what is -100111111110011 + -1?
-100111111110100
In base 11, what is -5 + -14?
-19
In base 8, what is -176 - 6?
-204
In base 13, what is 16 + 40?
56
In base 11, what is -306 + 2?
-304
In base 16, what is 279 - 2?
277
In base 14, what is -189 + -4?
-18d
In base 13, what is 148 - 3?
145
In base 13, what is -699 + 0?
-699
In base 2, what is 1010010 + 101?
1010111
In base 5, what is -31 - -2?
-24
In base 15, what is -918 + 1?
-917
In base 12, what is -1 - -34?
33
In base 4, what is -1211 - 1120?
-2331
In base 5, what is 333 - -4?
342
In base 12, what is -8 - -45?
39
In base 4, what is -3101 - 10?
-3111
In base 15, what is -3 - -141?
13d
In base 15, what is -d + d7?
c9
In base 15, what is -e + -4?
-13
In base 13, what is -69a - -5?
-695
In base 7, what is -3562 - 1?
-3563
In base 3, what is -10 + 10220002?
10212222
In base 12, what is 56 + 12?
68
In base 3, what is -12 - -1201?
1112
In base 8, what is 65 - 5?
60
In base 12, what is 565 - -3?
568
In base 2, what is -1001101101 - 101?
-1001110010
In base 13, what is -1 - 1?
-2
In base 10, what is -4998 - -1?
-4997
In base 9, what is 4 - -247?
252
In base 13, what is 18 - -60?
78
In base 2, what is -100001110111010 + 10?
-100001110111000
In base 4, what is 1000 - -103?
1103
In base 11, what is -5 - -226?
221
In base 4, what is -21 + 11002?
10321
In base 11, what is -250 + 0?
-250
In base 11, what is 61 - 46?
16
In base 8, what is 210 + -3?
205
In base 14, what is -29bd + -2?
-29c1
In base 14, what is 5b + 3?
60
In base 7, what is 4 + -12?
-5
In base 6, what is 0 + 1501?
1501
In base 14, what is 10 - -7a?
8a
In base 11, what is -86 + -1?
-87
In base 7, what is 2 + -1?
1
In base 7, what is 312 - 11?
301
In base 8, what is 557 - 2?
555
In base 14, what is 233 - -6?
239
In base 8, what is 10 + -7205?
-7175
In base 10, what is -4 + -110?
-114
In base 11, what is -10 + -5?
-15
In base 12, what is 7b - 7?
74
In base 8, what is 23 + -34?
-11
In base 9, what is 262 + 0?
262
In base 13, what is 2 - 15?
-13
In base 5, what is 31 + 4341?
4422
In base 9, what is 2 - -6?
8
In base 8, what is 11 + 7?
20
In base 3, what is 1202 - 1?
1201
In base 3, what is 1211 - -100?
2011
In base 4, what is 3 - -310?
313
In base 15, what is 1a - 15?
5
In base 15, what is -11a + 0?
-11a
In base 8, what is 1 - -12063?
12064
In base 10, what is 0 - -1336?
1336
In base 8, what is -126 + -1?
-127
In base 5, what is 2300 - 1?
2244
In base 3, what is 1121 - -1101?
2222
In base 3, what is -10 - -120000?
112220
In base 11, what is -270 + 0?
-270
In base 12, what is -197 + -2?
-199
In base 12, what is -4 - 89?
-91
In base 14, what is 9 - -2?
b
In base 16, what is 91 - 53?
3e
In base 6, what is 40 - -3?
43
In base 10, what is 5 - 272?
-267
In base 3, what is 10 + 220?
1000
In base 9, what is 102 + -1?
101
In base 4, what is 10 - 2?
2
In base 12, what is -1 - 5b?
-60
In base 16, what is -809 + -2?
-80b
In base 8, what is -4 + -34?
-40
In base 13, what is -3 + -2b0?
-2b3
In base 14, what is 39 + -4?
35
In base 15, what is d + -3a?
-2c
In base 2, what is -110111100 - -101?
-110110111
In base 15, what is 0 + 25?
25
In base 10, what is -9 - -1260?
1251
In base 8, what is 464 - 57?
405
In base 4, what is -3 + -13313?
-13322
In base 13, what is 49 + 0?
49
In base 9, what is -13 + 148?
135
In base 4, what is -11 - 3121?
-3132
In base 12, what is -2a - -1?
-29
In base 3, what is -1011 - -102?
-202
In base 15, what is -122 + 5?
-11c
In base 9, what is 13 + -62?
-48
In base 2, what is 101001001010 - -11?
101001001101
In base 14, what is 4 + 4b?
51
In base 9, what is -2333 - 11?
-2344
In base 2, what is -10 + -11010011?
-11010101
In b